en 241 is divided by 55.
21
What is the remainder when 4158 is divided by 73?
70
What is the remainder when 284 is divided by 16?
12
Calculate the remainder when 508 is divided by 7.
4
What is the remainder when 533 is divided by 60?
53
What is the remainder when 18994 is divided by 5?
4
Calculate the remainder when 25 is divided by 14.
11
Calculate the remainder when 551 is divided by 331.
220
Calculate the remainder when 1096 is divided by 9.
7
What is the remainder when 327 is divided by 82?
81
What is the remainder when 18 is divided by 9?
0
Calculate the remainder when 62 is divided by 19.
5
Calculate the remainder when 217 is divided by 196.
21
What is the remainder when 3358 is divided by 15?
13
Calculate the remainder when 5558 is divided by 51.
50
Calculate the remainder when 14 is divided by 14.
0
Calculate the remainder when 716 is divided by 255.
206
Calculate the remainder when 7167 is divided by 7.
6
Calculate the remainder when 93 is divided by 55.
38
Calculate the remainder when 41 is divided by 11.
8
What is the remainder when 26728 is divided by 30?
28
What is the remainder when 1385 is divided by 70?
55
What is the remainder when 406 is divided by 195?
16
Calculate the remainder when 254 is divided by 51.
50
What is the remainder when 60 is divided by 57?
3
Calculate the remainder when 103 is divided by 18.
13
What is the remainder when 3962 is divided by 13?
10
Calculate the remainder when 2857 is divided by 951.
4
What is the remainder when 949 is divided by 10?
9
What is the remainder when 446 is divided by 419?
27
Calculate the remainder when 52 is divided by 45.
7
What is the remainder when 168 is divided by 82?
4
What is the remainder when 62 is divided by 26?
10
What is the remainder when 113 is divided by 63?
50
What is the remainder when 369 is divided by 86?
25
What is the remainder when 232 is divided by 115?
2
Calculate the remainder when 293 is divided by 60.
53
What is the remainder when 87 is divided by 10?
7
What is the remainder when 65 is divided by 34?
31
What is the remainder when 643 is divided by 157?
15
Calculate the remainder when 1991 is divided by 222.
215
Calculate the remainder when 80 is divided by 22.
14
What is the remainder when 2891 is divided by 288?
11
Calculate the remainder when 145 is divided by 56.
33
Calculate the remainder when 3876 is divided by 49.
5
Calculate the remainder when 1569 is divided by 309.
24
Calculate the remainder when 75 is divided by 65.
10
Calculate the remainder when 247 is divided by 35.
2
Calculate the remainder when 909 is divided by 70.
69
Calculate the remainder when 863 is divided by 171.
8
Calculate the remainder when 137 is divided by 43.
8
Calculate the remainder when 1152 is divided by 27.
18
What is the remainder when 516 is divided by 76?
60
What is the remainder when 605 is divided by 97?
23
Calculate the remainder when 222 is divided by 108.
6
Calculate the remainder when 2067 is divided by 53.
0
What is the remainder when 94 is divided by 32?
30
What is the remainder when 66 is divided by 22?
0
What is the remainder when 71 is divided by 12?
11
Calculate the remainder when 963 is divided by 138.
135
Calculate the remainder when 369 is divided by 94.
87
Calculate the remainder when 1022 is divided by 213.
170
What is the remainder when 238 is divided by 48?
46
Calculate the remainder when 202 is divided by 174.
28
Calculate the remainder when 682 is divided by 33.
22
What is the remainder when 4898 is divided by 7?
5
Calculate the remainder when 623 is divided by 306.
11
Calculate the remainder when 103 is divided by 26.
25
What is the remainder when 249 is divided by 66?
51
What is the remainder when 56 is divided by 14?
0
What is the remainder when 80 is divided by 65?
15
Calculate the remainder when 632 is divided by 73.
48
What is the remainder when 26 is divided by 14?
12
What is the remainder when 2980 is divided by 1483?
14
Calculate the remainder when 268 is divided by 45.
43
What is the remainder when 815 is divided by 48?
47
What is the remainder when 6119 is divided by 60?
59
What is the remainder when 274 is divided by 27?
4
What is the remainder when 591 is divided by 26?
19
What is the remainder when 847 is divided by 230?
157
What is the remainder when 1615 is divided by 108?
103
What is the remainder when 167 is divided by 24?
23
Calculate the remainder when 6171 is divided by 154.
11
Calculate the remainder when 70 is divided by 8.
6
What is the remainder when 775 is divided by 21?
19
What is the remainder when 1991 is divided by 166?
165
Calculate the remainder when 1107 is divided by 45.
27
What is the remainder when 393 is divided by 81?
69
Calculate the remainder when 422 is divided by 68.
14
Calculate the remainder when 88 is divided by 23.
19
Calculate the remainder when 135 is divided by 16.
7
What is the remainder when 135 is divided by 8?
7
What is the remainder when 497 is divided by 44?
13
What is the remainder when 1523 is divided by 56?
11
Calculate the remainder when 44 is divided by 29.
15
What is the remainder when 4612 is divided by 65?
62
Calculate the remainder when 118 is divided by 37.
7
What is the remainder when 297 is divided by 64?
41
Calculate the remainder when 285 is divided by 41.
39
Calculate the remainder when 826 is divided by 20.
6
What is the remainder when 1600 is divided by 114?
4
What is the remainder when 153 is divided by 110?
43
Calculate the remainder when 701 is divided by 32.
29
What is the remainder when 831 is divided by 25?
6
What is the remainder when 127 is divided by 22?
17
Calculate the remainder when 348 is divided by 181.
167
What is the remainder when 102 is divided by 26?
24
What is the remainder when 757 is divided by 69?
67
Calculate the remainder when 261 is divided by 15.
6
Calculate the remainder when 319 is divided by 80.
79
Calculate the remainder when 4120 is divided by 229.
227
Calculate the remainder when 1678 is divided by 240.
238
Calculate the remainder when 7967 is divided by 166.
165
What is the remainder when 29 is divided by 21?
8
Calculate the remainder when 261 is divided by 80.
21
What is the remainder when 67 is divided by 11?
1
What is the remainder when 27 is divided by 17?
10
Calculate the remainder when 2198 is divided by 55.
53
Calculate the remainder when 207 is divided by 29.
4
What is the remainder when 29 is divided by 3?
2
Calculate the remainder when 496 is divided by 71.
70
Calculate the remainder when 202 is divided by 54.
40
Calculate the remainder when 684 is divided by 224.
12
What is the remainder when 1517 is divided by 25?
17
Calculate the remainder when 285 is divided by 41.
39
Calculate the remainder when 560 is divided by 27.
20
Calculate the remainder when 106 is divided by 37.
32
What is the remainder when 1221 is divided by 406?
3
What is the remainder when 610 is divided by 119?
15
What is the remainder when 4489 is divided by 1495?
4
Calculate the remainder when 46 is divided by 22.
2
What is the remainder when 230 is divided by 68?
26
Calculate the remainder when 71 is divided by 61.
10
Calculate the remainder when 71 is divided by 59.
12
What is the remainder when 51 is divided by 14?
9
Calculate the remainder when 2332 is divided by 80.
12
Calculate the remainder when 25 is divided by 14.
11
Calculate the remainder when 861 is divided by 286.
3
What is the remainder when 517 is divided by 75?
67
What is the remainder when 171 is divided by 58?
55
Calculate the remainder when 242 is divided by 6.
2
What is the remainder when 136 is divided by 34?
0
What is the remainder when 3954 is divided by 327?
30
Calculate the remainder when 1913 is divided by 274.
269
Calculate the remainder when 232 is divided by 64.
40
Calculate the remainder when 197 is divided by 121.
76
What is the remainder when 171 is divided by 97?
74
What is the remainder when 200 is divided by 29?
26
Calculate the remainder when 746 is divided by 149.
1
Calculate the remainder when 48 is divided by 5.
3
What is the remainder when 150 is divided by 31?
26
What is the remainder when 262 is divided by 84?
10
Calculate the remainder when 1023 is divided by 25.
23
Calculate the remainder when 629 is divided by 163.
140
What is the remainder when 3387 is divided by 1